{"id":8,"date":"2019-12-28T23:46:02","date_gmt":"2019-12-28T23:46:02","guid":{"rendered":"http:\/\/artevida.pl\/?page_id=8"},"modified":"2023-08-31T18:47:04","modified_gmt":"2023-08-31T18:47:04","slug":"strona-glowna","status":"publish","type":"page","link":"https:\/\/artevida.pl\/","title":{"rendered":"Home"},"content":{"rendered":"\n<figure class=\"wp-block-video\"><video autoplay controls loop muted src=\"https:\/\/artevida.pl\/wp-content\/uploads\/2020\/11\/www.artevida.pl-logo.mp4\"><\/video><\/figure>\n\n\n\n<p class=\"has-drop-cap has-very-light-gray-color has-text-color has-medium-font-size\">Je\u017celi szukasz <strong>kredytu hipotecznego<\/strong>&nbsp;lub chcesz&nbsp;<br><strong>zmniejszy\u0107 dotychczasowe raty<\/strong>&nbsp;mo\u017cesz liczy\u0107 na nasze bezp\u0142atne doradztwo, <br>dzi\u0119ki kt\u00f3remu zyskujesz:<\/p>\n\n\n\n<p class=\"has-very-light-gray-color has-text-color\">&#8211; <strong>0% prowizji<\/strong><br>&#8211; <strong>Oszcz\u0119dno\u015b\u0107 czasu: 19 bank\u00f3w w jednym miejscu<\/strong><br>&#8211; <strong>Pomoc w skompletowaniu dokument\u00f3w<\/strong><br>&#8211; <strong>Wyb\u00f3r najlepszej oferty dopasowanej do Klienta<\/strong><br>&#8211; <strong>0 z\u0142 ukrytych koszt\u00f3w<\/strong><\/p>\n\n\n\n<hr class=\"wp-block-separator has-text-color has-very-light-gray-color has-css-opacity has-very-light-gray-background-color has-background is-style-dots\"\/>\n\n\n\n<p class=\"has-drop-cap has-very-light-gray-color has-text-color\"><strong>Jeste\u015bmy znani ze szczeg\u00f3lnie elastycznego podej\u015bcia do obliczania zdolno\u015bci kredytowej Klienta, akceptujemy wszystkie rodzaje regularnych dochod\u00f3w. Szanse na kredyt maj\u0105 tak\u017ce osoby ze z\u0142\u0105 histori\u0105 kredytow\u0105, kt\u00f3re cz\u0119sto s\u0105 wykluczane z grona potencjalnych kredytobiorc\u00f3w.<\/strong><\/p>\n\n\n\n<hr class=\"wp-block-separator has-text-color has-very-light-gray-color has-css-opacity has-very-light-gray-background-color has-background is-style-dots\"\/>\n\n\n\n<p class=\"has-very-light-gray-color has-text-color\"><strong>Oto zaledwie kilka czynnik\u00f3w decyduj\u0105cych o atrakcyjno\u015bci naszych kredyt\u00f3w:<\/strong>&nbsp;<\/p>\n\n\n\n<p class=\"has-very-light-gray-color has-text-color\">&#8211; Gwarancja sta\u0142ej, niskiej mar\u017cy w ca\u0142ym okresie kredytowania<br>&#8211; Dowolny okres sp\u0142aty kredytu, nawet do 50 lat<br>&#8211; Bez kosztownej wyceny nieruchomo\u015bci przez rzeczoznawc\u0119<br>&#8211; Akceptacja zagranicznych dochod\u00f3w przy okre\u015bleniu zdolno\u015bci kredytowej<br>&#8211; Atrakcyjne Ubezpieczenie<br>&#8211; Waluta kredytu : PLN, EURO<br>&#8211; Swobodny wyb\u00f3r sposobu sp\u0142aty kredytu raty sta\u0142e lub malej\u0105ce<\/p>\n\n\n\n<p class=\"has-very-light-gray-color has-text-color\"><strong>Dla ka\u017cdego z Pa\u0144stwa znajdziemy najkorzystniejszy kredyt hipoteczny\/mieszkaniowy spo\u015br\u00f3d ofert z 19 bank\u00f3w.<\/strong><\/p>\n\n\n\n<hr class=\"wp-block-separator has-text-color has-very-light-gray-color has-css-opacity has-very-light-gray-background-color has-background is-style-dots\"\/>\n\n\n\n<p class=\"has-very-light-gray-color has-text-color\"><strong>Zach\u0119camy do wype\u0142nienia kr\u00f3tkiego zg\u0142oszenia kontaktowego, kt\u00f3rego wype\u0142nienie zajmie Pa\u0144stwu kilka sekund . Pozwoli to naszemu doradcy na skontaktowanie si\u0119 z Pa\u0144stwem w celu udzielenia pe\u0142nej informacji i pomocy w za\u0142atwieniu formalno\u015bci.&nbsp;<\/strong><\/p>\n\n\n\n<p class=\"has-very-light-gray-color has-text-color\"><strong>Zar\u00f3wno zg\u0142oszenie jak i pomoc s\u0105 DARMOWE i do niczego nie zobowi\u0105zuj\u0105.<\/strong><\/p>\n\n\n\n<hr class=\"wp-block-separator has-text-color has-very-light-gray-color has-css-opacity has-very-light-gray-background-color has-background is-style-dots\"\/>\n\n\n\n<p class=\"has-very-light-gray-color has-text-color\">Je\u015bli wol\u0105 Pa\u0144stwo bardziej tradycyjne metody komunikacji prosimy o kontakt telefoniczny z doradc\u0105 kredytowym: pod numerem<strong>&nbsp;+48 504 546 951<\/strong>&nbsp; lub&nbsp; pod adresem:&nbsp;<strong><a href=\"mailto:doradca@artevida.pl\">doradca@artevida.pl<\/a><\/strong>. Doradca udzieli pe\u0142nej informacji za DARMO i pomo\u017ce w za\u0142atwianiu formalno\u015bci.<\/p>\n","protected":false},"excerpt":{"rendered":"<p>Je\u017celi szukasz kredytu hipotecznego&nbsp;lub chcesz&nbsp;zmniejszy\u0107 dotychczasowe raty&nbsp;mo\u017cesz liczy\u0107 na nasze bezp\u0142atne doradztwo, dzi\u0119ki kt\u00f3remu zyskujesz: &#8211; 0% prowizji&#8211; Oszcz\u0119dno\u015b\u0107 czasu: 19 bank\u00f3w w jednym miejscu&#8211; Pomoc w skompletowaniu dokument\u00f3w&#8211; Wyb\u00f3r najlepszej oferty dopasowanej do Klienta&#8211; 0 z\u0142 ukrytych koszt\u00f3w Jeste\u015bmy znani ze szczeg\u00f3lnie elastycznego podej\u015bcia do obliczania zdolno\u015bci kredytowej Klienta, [&hellip;]<\/p>\n","protected":false},"author":1,"featured_media":0,"parent":0,"menu_order":1,"comment_status":"closed","ping_status":"closed","template":"","meta":{"ngg_post_thumbnail":0,"footnotes":""},"class_list":["post-8","page","type-page","status-publish","hentry"],"_links":{"self":[{"href":"https:\/\/artevida.pl\/index.php\/wp-json\/wp\/v2\/pages\/8","targetHints":{"allow":["GET"]}}],"collection":[{"href":"https:\/\/artevida.pl\/index.php\/wp-json\/wp\/v2\/pages"}],"about":[{"href":"https:\/\/artevida.pl\/index.php\/wp-json\/wp\/v2\/types\/page"}],"author":[{"embeddable":true,"href":"https:\/\/artevida.pl\/index.php\/wp-json\/wp\/v2\/users\/1"}],"replies":[{"embeddable":true,"href":"https:\/\/artevida.pl\/index.php\/wp-json\/wp\/v2\/comments?post=8"}],"version-history":[{"count":63,"href":"https:\/\/artevida.pl\/index.php\/wp-json\/wp\/v2\/pages\/8\/revisions"}],"predecessor-version":[{"id":251047,"href":"https:\/\/artevida.pl\/index.php\/wp-json\/wp\/v2\/pages\/8\/revisions\/251047"}],"wp:attachment":[{"href":"https:\/\/artevida.pl\/index.php\/wp-json\/wp\/v2\/media?parent=8"}],"curies":[{"name":"wp","href":"https:\/\/api.w.org\/{rel}","templated":true}]}}