{"id":10,"date":"2019-12-28T23:46:03","date_gmt":"2019-12-28T23:46:03","guid":{"rendered":"http:\/\/artevida.pl\/?page_id=10"},"modified":"2020-12-28T23:05:18","modified_gmt":"2020-12-28T23:05:18","slug":"kontakt","status":"publish","type":"page","link":"https:\/\/artevida.pl\/index.php\/kontakt\/","title":{"rendered":"Kontakt"},"content":{"rendered":"\t\t<div data-elementor-type=\"wp-page\" data-elementor-id=\"10\" class=\"elementor elementor-10\">\n\t\t\t\t\t\t<section class=\"elementor-section elementor-top-section elementor-element elementor-element-1573cb92 elementor-section-boxed elementor-section-height-default elementor-section-height-default\" data-id=\"1573cb92\" data-element_type=\"section\">\n\t\t\t\t\t\t<div class=\"elementor-container elementor-column-gap-default\">\n\t\t\t\t\t<div class=\"elementor-column elementor-col-100 elementor-top-column elementor-element elementor-element-6c40e642\" data-id=\"6c40e642\" data-element_type=\"column\" data-settings=\"{&quot;background_background&quot;:&quot;classic&quot;}\">\n\t\t\t<div class=\"elementor-widget-wrap elementor-element-populated\">\n\t\t\t\t\t\t<div class=\"elementor-element elementor-element-68347d95 elementor-widget elementor-widget-text-editor\" data-id=\"68347d95\" data-element_type=\"widget\" data-widget_type=\"text-editor.default\">\n\t\t\t\t<div class=\"elementor-widget-container\">\n\t\t\t\t\t\t\t<p><!-- wp:columns --><\/p>\n<div class=\"wp-block-columns\"><p><!-- wp:column --><\/p>\n<div class=\"wp-block-column\"><p><!-- wp:paragraph {\"textColor\":\"very-light-gray\",\"customBackgroundColor\":\"#7a5ca1\"} --><\/p>\n<p class=\"has-text-color has-background has-very-light-gray-color\" style=\"background-color: #7a5ca1;\"><strong><u>Formularz <\/u>kontaktowy:<\/strong><\/p>\n<p><!-- \/wp:paragraph --><!-- wp:paragraph {\"textColor\":\"very-light-gray\"} --><\/p>\n<p class=\"has-text-color has-very-light-gray-color\"><div class=\"wpforms-container wpforms-container-full post-content text  color ff0000 \" id=\"wpforms-388\"><form id=\"wpforms-form-388\" class=\"wpforms-validate wpforms-form\" data-formid=\"388\" method=\"post\" enctype=\"multipart\/form-data\" action=\"\/index.php\/wp-json\/wp\/v2\/pages\/10\" data-token=\"8fc1236f15e00c7de5bf15a0995642c6\" data-token-time=\"1777455096\"><noscript class=\"wpforms-error-noscript\">Aby wype\u0142ni\u0107 ten formularz, w\u0142\u0105cz obs\u0142ug\u0119 JavaScript w przegl\u0105darce.<\/noscript><div class=\"wpforms-field-container\"><div id=\"wpforms-388-field_0-container\" class=\"wpforms-field wpforms-field-name\" data-field-id=\"0\"><label class=\"wpforms-field-label\" for=\"wpforms-388-field_0\">Pani\/Pana Imi\u0119 <span class=\"wpforms-required-label\">*<\/span><\/label><input type=\"text\" id=\"wpforms-388-field_0\" class=\"wpforms-field-small wpforms-field-required\" name=\"wpforms[fields][0]\" required><div class=\"wpforms-field-description\">Prosz\u0119 poda\u0107 imi\u0119<\/div><\/div><div id=\"wpforms-388-field_3-container\" class=\"wpforms-field wpforms-field-number\" data-field-id=\"3\"><label class=\"wpforms-field-label\" for=\"wpforms-388-field_3\">Pani\/Pana numer Telefonu <span class=\"wpforms-required-label\">*<\/span><\/label><input type=\"number\" id=\"wpforms-388-field_3\" class=\"wpforms-field-medium wpforms-field-required\" name=\"wpforms[fields][3]\" required><div class=\"wpforms-field-description\">prosz\u0119 poda\u0107 numer telefonu<\/div><\/div><div id=\"wpforms-388-field_1-container\" class=\"wpforms-field wpforms-field-email\" data-field-id=\"1\"><label class=\"wpforms-field-label\" for=\"wpforms-388-field_1\">Email<\/label><input type=\"email\" id=\"wpforms-388-field_1\" class=\"wpforms-field-medium\" name=\"wpforms[fields][1]\" spellcheck=\"false\" ><div class=\"wpforms-field-description\">tutaj mo\u017cna poda\u0107 swojego e-maila<\/div><\/div><div id=\"wpforms-388-field_2-container\" class=\"wpforms-field wpforms-field-textarea\" data-field-id=\"2\"><label class=\"wpforms-field-label\" for=\"wpforms-388-field_2\">Pani\/Pana komentarz<\/label><textarea id=\"wpforms-388-field_2\" class=\"wpforms-field-medium\" name=\"wpforms[fields][2]\" ><\/textarea><div class=\"wpforms-field-description\">pola z gwiazdkami s\u0105 obowi\u0105zkowe &#8211; po wype\u0142nieniu wysy\u0142amy klikaj\u0105c CTRL+ENTER<\/div><\/div><\/div><!-- .wpforms-field-container --><div class=\"wpforms-field wpforms-field-hp\"><label for=\"wpforms-388-field-hp\" class=\"wpforms-field-label\">Comment<\/label><input type=\"text\" name=\"wpforms[hp]\" id=\"wpforms-388-field-hp\" class=\"wpforms-field-medium\"><\/div><div class=\"wpforms-recaptcha-container wpforms-is-recaptcha wpforms-is-recaptcha-type-v2\" ><div class=\"g-recaptcha\" data-sitekey=\"6LdTjuAUAAAAALkJ-ErSmdq3h5Gy9sLZnC6IScae\"><\/div><input type=\"text\" name=\"g-recaptcha-hidden\" class=\"wpforms-recaptcha-hidden\" style=\"position:absolute!important;clip:rect(0,0,0,0)!important;height:1px!important;width:1px!important;border:0!important;overflow:hidden!important;padding:0!important;margin:0!important;\" data-rule-recaptcha=\"1\"><\/div><div class=\"wpforms-submit-container\" ><input type=\"hidden\" name=\"wpforms[id]\" value=\"388\"><input type=\"hidden\" name=\"page_title\" value=\"\"><input type=\"hidden\" name=\"page_url\" value=\"https:\/\/artevida.pl\/index.php\/wp-json\/wp\/v2\/pages\/10\"><button type=\"submit\" name=\"wpforms[submit]\" id=\"wpforms-submit-388\" class=\"wpforms-submit\" data-alt-text=\"Sending...\" data-submit-text=\"Submit\" aria-live=\"assertive\" value=\"wpforms-submit\">Submit<\/button><\/div><\/form><\/div>  <!-- .wpforms-container --><\/p>\n<p><!-- \/wp:paragraph --><\/p><\/div>\n<p><!-- \/wp:column --><!-- wp:column --><\/p>\n<div class=\"wp-block-column\"><p><!-- wp:paragraph {\"textColor\":\"very-light-gray\",\"customBackgroundColor\":\"#7a5ca1\"} --><\/p>\n<p class=\"has-text-color has-background has-very-light-gray-color\" style=\"background-color: #7a5ca1;\"><strong>Telefon:<\/strong><\/p>\n<p><!-- \/wp:paragraph --><!-- wp:paragraph {\"textColor\":\"very-light-gray\"} --><\/p>\n<p class=\"has-text-color has-very-light-gray-color\"><em><strong>+48 504 546 951<\/strong><\/em><\/p>\n<p><!-- \/wp:paragraph --><!-- wp:paragraph {\"textColor\":\"very-light-gray\",\"customBackgroundColor\":\"#7a5ca1\"} --><\/p>\n<p class=\"has-text-color has-background has-very-light-gray-color\" style=\"background-color: #7a5ca1;\"><strong>E-mail:<\/strong><\/p>\n<p><!-- \/wp:paragraph --><!-- wp:paragraph {\"textColor\":\"very-light-gray\"} --><\/p>\n<p class=\"has-text-color has-very-light-gray-color\"><strong><em><a href=\"mailto:doradca@artevida.pl\">doradca@artevida.pl<\/a><\/em><\/strong><\/p>\n<p><!-- \/wp:paragraph --><!-- wp:paragraph {\"textColor\":\"very-light-gray\",\"customBackgroundColor\":\"#7a5ca1\",\"fontSize\":\"small\"} --><\/p>\n<p class=\"has-text-color has-background has-small-font-size has-very-light-gray-color\" style=\"background-color: #7a5ca1;\">Zeskanuj kod, aby doda\u0107 jako wizyt\u00f3wk\u0119:<\/p>\n<p><!-- \/wp:paragraph --><!-- wp:image {\"id\":379,\"width\":290,\"height\":290,\"sizeSlug\":\"large\"} --><\/p>\n<figure class=\"wp-block-image size-large is-resized\"><img fetchpriority=\"high\" decoding=\"async\" class=\"wp-image-379\" src=\"https:\/\/artevida.pl\/wp-content\/uploads\/2020\/01\/DORADCA-QR-short.jpg\" alt=\"\" width=\"290\" height=\"290\" srcset=\"https:\/\/artevida.pl\/wp-content\/uploads\/2020\/01\/DORADCA-QR-short.jpg 450w, https:\/\/artevida.pl\/wp-content\/uploads\/2020\/01\/DORADCA-QR-short-300x300.jpg 300w, https:\/\/artevida.pl\/wp-content\/uploads\/2020\/01\/DORADCA-QR-short-150x150.jpg 150w, https:\/\/artevida.pl\/wp-content\/uploads\/2020\/01\/DORADCA-QR-short-360x360.jpg 360w\" sizes=\"(max-width: 290px) 100vw, 290px\" \/><\/figure>\n<p><!-- \/wp:image --><\/p><\/div>\n<p><!-- \/wp:column --><\/p><\/div>\n<p><!-- \/wp:columns --><\/p>\t\t\t\t\t\t<\/div>\n\t\t\t\t<\/div>\n\t\t\t\t\t<\/div>\n\t\t<\/div>\n\t\t\t\t\t<\/div>\n\t\t<\/section>\n\t\t\t\t<\/div>\n\t\t","protected":false},"excerpt":{"rendered":"<p>Formularz kontaktowy: Telefon: +48 504 546 951 E-mail: doradca@artevida.pl Zeskanuj kod, aby doda\u0107 jako wizyt\u00f3wk\u0119:<\/p>\n","protected":false},"author":1,"featured_media":0,"parent":0,"menu_order":3,"comment_status":"closed","ping_status":"closed","template":"page-templates\/template_fullwidth.php","meta":{"ngg_post_thumbnail":0,"footnotes":""},"class_list":["post-10","page","type-page","status-publish","hentry"],"_links":{"self":[{"href":"https:\/\/artevida.pl\/index.php\/wp-json\/wp\/v2\/pages\/10","targetHints":{"allow":["GET"]}}],"collection":[{"href":"https:\/\/artevida.pl\/index.php\/wp-json\/wp\/v2\/pages"}],"about":[{"href":"https:\/\/artevida.pl\/index.php\/wp-json\/wp\/v2\/types\/page"}],"author":[{"embeddable":true,"href":"https:\/\/artevida.pl\/index.php\/wp-json\/wp\/v2\/users\/1"}],"replies":[{"embeddable":true,"href":"https:\/\/artevida.pl\/index.php\/wp-json\/wp\/v2\/comments?post=10"}],"version-history":[{"count":72,"href":"https:\/\/artevida.pl\/index.php\/wp-json\/wp\/v2\/pages\/10\/revisions"}],"predecessor-version":[{"id":67553,"href":"https:\/\/artevida.pl\/index.php\/wp-json\/wp\/v2\/pages\/10\/revisions\/67553"}],"wp:attachment":[{"href":"https:\/\/artevida.pl\/index.php\/wp-json\/wp\/v2\/media?parent=10"}],"curies":[{"name":"wp","href":"https:\/\/api.w.org\/{rel}","templated":true}]}}